 {"id":522,"date":"2025-12-17T08:52:50","date_gmt":"2025-12-17T08:52:50","guid":{"rendered":"https:\/\/atelierevrard.com\/?page_id=522"},"modified":"2025-12-17T09:24:29","modified_gmt":"2025-12-17T09:24:29","slug":"politique-de-confidentialite","status":"publish","type":"page","link":"https:\/\/atelierevrard.com\/?page_id=522","title":{"rendered":"Politique de confidentialit\u00e9"},"content":{"rendered":"\t\t<div data-elementor-type=\"wp-page\" data-elementor-id=\"522\" class=\"elementor elementor-522\" data-elementor-post-type=\"page\">\n\t\t\t\t<div class=\"elementor-element elementor-element-51b5905 e-flex e-con-boxed sc_layouts_column_icons_position_left e-con e-parent\" data-id=\"51b5905\" data-element_type=\"container\" data-e-type=\"container\">\n\t\t\t\t\t<div class=\"e-con-inner\">\n\t\t<div class=\"elementor-element elementor-element-5e5cfe0 e-con-full e-flex sc_layouts_column_icons_position_left e-con e-child\" data-id=\"5e5cfe0\" data-element_type=\"container\" data-e-type=\"container\">\n\t\t\t\t<div class=\"elementor-element elementor-element-5845c6f sc_fly_static elementor-widget elementor-widget-heading\" data-id=\"5845c6f\" data-element_type=\"widget\" data-e-type=\"widget\" data-widget_type=\"heading.default\">\n\t\t\t\t\t<h2 class=\"elementor-heading-title elementor-size-default\">L'ATELIER EVRARD<\/h2>\t\t\t\t<\/div>\n\t\t\t\t<div class=\"elementor-element elementor-element-ce137d9 sc_fly_static elementor-widget elementor-widget-heading\" data-id=\"ce137d9\" data-element_type=\"widget\" data-e-type=\"widget\" data-widget_type=\"heading.default\">\n\t\t\t\t\t<h2 class=\"elementor-heading-title elementor-size-default\">Politique de confidentialit\u00e9<\/h2>\t\t\t\t<\/div>\n\t\t\t\t<div class=\"elementor-element elementor-element-d522c68 elementor-widget__width-initial sc_fly_static elementor-widget elementor-widget-text-editor\" data-id=\"d522c68\" data-element_type=\"widget\" data-e-type=\"widget\" data-widget_type=\"text-editor.default\">\n\t\t\t\t\t\t\t\t\t<p><strong>DONN\u00c9ES PERSONNELLES COLLECT\u00c9ES<\/strong><\/p><p><span style=\"font-weight: 400;\">Dans le cadre de l\u2019utilisation du site, l\u2019Atelier Evrard collecte uniquement les donn\u00e9es strictement n\u00e9cessaires via :<\/span><\/p><ul><li style=\"font-weight: 400;\" aria-level=\"1\"><span style=\"font-weight: 400;\">le formulaire de contact<\/span><\/li><li style=\"font-weight: 400;\" aria-level=\"1\"><span style=\"font-weight: 400;\">le bouton de contact WhatsApp<\/span><\/li><\/ul><p><span style=\"font-weight: 400;\">Les donn\u00e9es susceptibles d\u2019\u00eatre collect\u00e9es sont :<\/span><\/p><ul><li style=\"font-weight: 400;\" aria-level=\"1\"><span style=\"font-weight: 400;\">nom<\/span><\/li><li style=\"font-weight: 400;\" aria-level=\"1\"><span style=\"font-weight: 400;\">adresse email<\/span><\/li><li style=\"font-weight: 400;\" aria-level=\"1\"><span style=\"font-weight: 400;\">num\u00e9ro de t\u00e9l\u00e9phone (le cas \u00e9ch\u00e9ant)<\/span><\/li><li style=\"font-weight: 400;\" aria-level=\"1\"><span style=\"font-weight: 400;\">contenu du message<\/span><\/li><\/ul><p><strong>FINALIT\u00c9 DU TRAITEMENT<\/strong><\/p><p><span style=\"font-weight: 400;\">Les donn\u00e9es personnelles sont collect\u00e9es exclusivement afin de :<\/span><\/p><ul><li style=\"font-weight: 400;\" aria-level=\"1\"><span style=\"font-weight: 400;\">r\u00e9pondre aux demandes envoy\u00e9es via le site<\/span><\/li><li style=\"font-weight: 400;\" aria-level=\"1\"><span style=\"font-weight: 400;\">assurer le suivi des \u00e9changes avec les clients ou prospects<\/span><\/li><\/ul><p><span style=\"font-weight: 400;\">Aucune donn\u00e9e n\u2019est utilis\u00e9e \u00e0 des fins commerciales, publicitaires ou de prospection sans consentement explicite.<\/span><\/p><p><strong>CONSERVATION DES DONN\u00c9ES<\/strong><\/p><p><span style=\"font-weight: 400;\">Les donn\u00e9es sont conserv\u00e9es uniquement pendant la dur\u00e9e n\u00e9cessaire au traitement des demandes.<\/span><span style=\"font-weight: 400;\"><br \/><\/span><span style=\"font-weight: 400;\">Elles sont stock\u00e9es dans la base de donn\u00e9es du site WordPress et\/ou dans la messagerie professionnelle de l\u2019Atelier Evrard.<\/span><\/p><p><strong>PARTAGE DES DONN\u00c9ES<\/strong><\/p><p><span style=\"font-weight: 400;\">Les donn\u00e9es personnelles ne sont ni vendues, ni c\u00e9d\u00e9es, ni transmises \u00e0 des tiers.<\/span><\/p><p><strong>DROITS DES UTILISATEURS<\/strong><\/p><p><span style=\"font-weight: 400;\">Conform\u00e9ment au R\u00e8glement G\u00e9n\u00e9ral sur la Protection des Donn\u00e9es (RGPD), vous disposez des droits suivants :<\/span><\/p><ul><li style=\"font-weight: 400;\" aria-level=\"1\"><span style=\"font-weight: 400;\">droit d\u2019acc\u00e8s<\/span><\/li><li style=\"font-weight: 400;\" aria-level=\"1\"><span style=\"font-weight: 400;\">droit de rectification<\/span><\/li><li style=\"font-weight: 400;\" aria-level=\"1\"><span style=\"font-weight: 400;\">droit \u00e0 l\u2019effacement<\/span><\/li><li style=\"font-weight: 400;\" aria-level=\"1\"><span style=\"font-weight: 400;\">droit \u00e0 la limitation du traitement<\/span><\/li><\/ul><p><span style=\"font-weight: 400;\">Pour exercer ces droits, vous pouvez adresser votre demande par email \u00e0 : info@atelierevrard.com.<\/span><\/p><p><strong>COOKIES<\/strong><\/p><p><span style=\"font-weight: 400;\">Ce site utilise uniquement des cookies techniques strictement n\u00e9cessaires \u00e0 son bon fonctionnement.<\/span><\/p><p><span style=\"font-weight: 400;\">Aucun cookie de mesure d\u2019audience, de suivi ou de marketing n\u2019est utilis\u00e9.<\/span><\/p><p><span style=\"font-weight: 400;\">La poursuite de la navigation sur le site implique l\u2019acceptation de ces cookies techniques.<\/span><\/p><p><strong>CONTACT<\/strong><\/p><p><span style=\"font-weight: 400;\">Pour toute question relative aux<span style=\"color: #ffffff;\"> <a style=\"color: #ffffff;\" href=\"https:\/\/atelierevrard.com\/?page_id=525\"><u>mentions l\u00e9gales<\/u><\/a> <\/span>ou \u00e0 la politique de confidentialit\u00e9, vous pouvez contacter <span style=\"color: #ffffff;\">l\u2019Atelier Evrard via le <span style=\"text-decoration: underline;\"><a style=\"color: #ffffff; text-decoration: underline;\" href=\"https:\/\/atelierevrard.com\/?page_id=54\">formulaire de contact<\/a><\/span> du<\/span> site ou par email.<\/span><\/p>\t\t\t\t\t\t\t\t<\/div>\n\t\t\t\t<\/div>\n\t\t<div class=\"e-con-gap-no elementor-element elementor-element-0d99937 e-con-full e-flex sc_layouts_column_icons_position_left e-con e-child\" data-id=\"0d99937\" data-element_type=\"container\" data-e-type=\"container\" data-settings=\"{&quot;background_background&quot;:&quot;classic&quot;}\">\n\t\t\t\t<\/div>\n\t\t\t\t\t<\/div>\n\t\t\t\t<\/div>\n\t\t\t\t<\/div>\n\t\t","protected":false},"excerpt":{"rendered":"<p>L&#8217;ATELIER EVRARD Politique de confidentialit\u00e9 DONN\u00c9ES&hellip;<\/p>\n","protected":false},"author":1,"featured_media":0,"parent":0,"menu_order":0,"comment_status":"closed","ping_status":"closed","template":"","meta":{"footnotes":""},"class_list":["post-522","page","type-page","status-publish","hentry"],"_links":{"self":[{"href":"https:\/\/atelierevrard.com\/index.php?rest_route=\/wp\/v2\/pages\/522","targetHints":{"allow":["GET"]}}],"collection":[{"href":"https:\/\/atelierevrard.com\/index.php?rest_route=\/wp\/v2\/pages"}],"about":[{"href":"https:\/\/atelierevrard.com\/index.php?rest_route=\/wp\/v2\/types\/page"}],"author":[{"embeddable":true,"href":"https:\/\/atelierevrard.com\/index.php?rest_route=\/wp\/v2\/users\/1"}],"replies":[{"embeddable":true,"href":"https:\/\/atelierevrard.com\/index.php?rest_route=%2Fwp%2Fv2%2Fcomments&post=522"}],"version-history":[{"count":19,"href":"https:\/\/atelierevrard.com\/index.php?rest_route=\/wp\/v2\/pages\/522\/revisions"}],"predecessor-version":[{"id":550,"href":"https:\/\/atelierevrard.com\/index.php?rest_route=\/wp\/v2\/pages\/522\/revisions\/550"}],"wp:attachment":[{"href":"https:\/\/atelierevrard.com\/index.php?rest_route=%2Fwp%2Fv2%2Fmedia&parent=522"}],"curies":[{"name":"wp","href":"https:\/\/api.w.org\/{rel}","templated":true}]}}